et z(y) = -3*k(y) + 2*t(y). Let j be z(9). List the prime factors of (j/3)/(10/15).
19
Let i be (14/4)/((-2)/12). Let m = 23 + i. Suppose m*o - 4*o + 59 = n, 2*n + 2*o = 114. List the prime factors of n.
5, 11
Let k = 415 - 10. What are the prime factors of k?
3, 5
Suppose 0 = -2*a + 5*n + 149, -3*n - 2*n = 2*a - 99. Suppose -2*y + 4*z = -98, -2*y - 2*z + a = -36. What are the prime factors of y?
7
Let d = 18 + 42. Suppose 2*s = s + d. What are the prime factors of s?
2, 3, 5
Let x be 2/6 - 1467/27. Let s be (32/(-12))/(4/x). Suppose f - s + 11 = 0. What are the prime factors of f?
5
Let a(n) = -286*n - 396. List the prime factors of a(-24).
2, 3, 7, 11
Let a(c) = 742*c**3 - 3*c + 2. What are the prime factors of a(1)?
3, 13, 19
Suppose -z = -7*z + 18. Suppose i = 4*x - 107, z*x + 2*i - 122 = -x. List the prime factors of x.
2, 7
Let p = 44 - 42. List the prime factors of p + -1 + (-187)/(-11).
2, 3
Let i = -2163 + 4017. What are the prime factors of i?
2, 3, 103
Let x(g) = 5*g + 1372. What are the prime factors of x(0)?
2, 7
Let h(x) = -2*x + 46. Let k(y) = -6*y + 139. Let z(m) = -11*h(m) + 4*k(m). What are the prime factors of z(-12)?
2, 37
Let u = 82 + 2. Let w = 24 - 12. List the prime factors of (u/9)/(4/w).
2, 7
Let m(d) = d**3 + 20*d**2 + 18*d + 14. List the prime factors of m(-13).
3, 107
Let j(f) = -103*f - 38. What are the prime factors of j(-6)?
2, 5, 29
Suppose -14*c + 7*c = -4522. List the prime factors of c.
2, 17, 19
Let a = 88 - 124. Let v = -9 - a. Let n = v - 20. What are the prime factors of n?
7
Let d(i) = i**2 + 4*i - 4. Let r(b) = b**3 + 7*b**2 + 8*b + 7. Let o be r(-6). Let k be d(o). Suppose -y + 11 = -k. List the prime factors of y.
2, 3
Let g(y) = -y - 1. Suppose 35 = -8*a + 3*a. Let q be g(a). What are the prime factors of (6/q)/((-2)/(-98))?
7
Let p(n) = 3*n**3 - 2*n**2 - n + 2. Let r be p(1). Suppose -3*w - 213 = -m + w, -r*w - 649 = -3*m. Suppose 0 = 5*i + 27 - m. What are the prime factors of i?
2, 19
Let v(x) = 4*x**2 - 26*x + 25. Let j(i) = i**2 - 6*i + 6. Let p(y) = 9*j(y) - 2*v(y). What are the prime factors of p(-10)?
2, 31
Let z(c) = -26*c + 295. List the prime factors of z(-26).
971
Let b = -82 - -1023. List the prime factors of b.
941
Suppose 5*b + 1 = -2*x, 3*b - 6*b = 3. Suppose w + 3*m - 2*m - 79 = 0, 152 = x*w - 4*m. What are the prime factors of w?
2, 3, 13
Let z(r) = 6*r + 26. Let a be z(3). Suppose -4*i = -y + 1 + 21, -4*y + 5*i + a = 0. List the prime factors of y.
2, 3
List the prime factors of (-6)/14 + 3664/7.
523
Let t(a) = 98*a**2 + 2*a + 3. Let g = 8 - 9. What are the prime factors of t(g)?
3, 11
Let g(f) = f**3 + 9*f**2 - 6*f - 14. Let k be g(-7). Suppose 17*j - 14*j = k. List the prime factors of j.
2, 3, 7
Let l = 2153 + -1127. List the prime factors of l.
2, 3, 19
Let o(h) = -8*h - 9. Suppose 5 - 1 = -x + 2*z, -3*x + 5*z = 12. Let f be 10/8*(x - 4). List the prime factors of o(f).
71
Suppose 4*r + 288 = -5*j, 0 = -r - 3*j - 103 + 31. List the prime factors of (1 - 7)/(r/120).
2, 5
Suppose 5*o - 832 = 1373. What are the prime factors of o?
3, 7
Suppose 10 + 2 = 4*q. Let d be (-3 + 2)*(-28)/1. List the prime factors of d - (-9 - 0)/q.
31
Suppose 0 = -4*o + 569 + 675. List the prime factors of o.
311
Let l = -156 + 240. Suppose -b - 7 = 24. Let p = l + b. What are the prime factors of p?
53
Suppose -184*c + 181*c + 5949 = 0. List the prime factors of c.
3, 661
Suppose 0 = -3*h + 5*i + 1721, -1329 = -5*h - 2*i + 1591. List the prime factors of h.
2, 3, 97
Suppose -3*w - 4 = -2*f, 2*w + 5 + 1 = 3*f. Suppose w = t - 2*t. What are the prime factors of t/5 - (0 + -18)?
2, 3
Let w(j) = j**3 + 12*j**2 + j + 7. Let d be w(-12). Let s be (-2)/d + 565/25. Suppose 3*m - 66 = -4*r, m - 2*m = r - s. What are the prime factors of m?
2, 13
Let v(z) = 16*z - 17. Let m be v(7). Suppose 0*c = c - m. List the prime factors of c.
5, 19
List the prime factors of 322 - (((-25)/(-1))/5)/1.
317
List the prime factors of 221 + (-1)/(-1*(-5)/25).
2, 3
Suppose -2*y = -7*b + 2*b - 6141, -12246 = -4*y - 2*b. What are the prime factors of y?
3, 1021
Suppose -4*o + 3*v - 5 + 19 = 0, -2*o - 4 = 4*v. Let h(q) = 3*q**3 - 2*q**2. What are the prime factors of h(o)?
2
Let q = 1577 - 830. What are the prime factors of q?
3, 83
Let w(y) = y**2 - 1. Let n be -3*55/15 - -2. What are the prime factors of w(n)?
2, 5
Let l(n) = n**3 + 6*n**2 - 5*n + 3. List the prime factors of l(7).
5, 11
Let w(m) = 1 - 3*m - 13 - 2. Let z(h) = -4*h - 15. Let g(b) = -2*w(b) + 3*z(b). What are the prime factors of g(-10)?
43
Suppose -22 = -0*n - n. Let i be (-71)/(-2) + 11/n. Suppose i = k - 11. List the prime factors of k.
47
Let l(b) = 4*b - 4. Let u(q) = q - 15. Let r be u(9). Let w be (2/r)/(8/(-96)). List the prime factors of l(w).
2, 3
Suppose 11*i + 19*i = 67500. What are the prime factors of i?
2, 3, 5
Suppose 0 = -0*l - 4*l. Suppose l*d - 10 = -d - c, -4*c - 5 = -5*d. Suppose 40 = h - d*t, 2*t = -4*h + 65 + 7. List the prime factors of h.
2, 5
Let w = -2314 + 4069. List the prime factors of w.
3, 5, 13
Let b = -448 + 800. Suppose -3*r + 4*r = g - 68, -r = 5*g - b. List the prime factors of g.
2, 5, 7
List the prime factors of ((-698)/(-5))/((-5)/(-32 + 7)).
2, 349
Suppose 5*q + g = 6*g + 10175, -4*g = 0. List the prime factors of q.
5, 11, 37
Suppose 0*z = -6*z - 306. Let i = z - -74. What are the prime factors of i?
23
Let s = 1288 - -1796. What are the prime factors of s?
2, 3, 257
Suppose -2*y + 165 - 13 = 0. Suppose -y = -2*i - 48. What are the prime factors of i?
2, 7
Let d(a) = 5*a**2 + 7*a - 6. Suppose 4*y + 8 = 2*r + y, 0 = y. List the prime factors of d(r).
2, 3, 17
Suppose 4*b - 3*b + 599 = 3*t, 2*t - 402 = 2*b. Let l = t + -96. What are the prime factors of l?
103
Let w = 40 - -11. Let q = -16 + w. List the prime factors of q.
5, 7
Suppose 2332 = -7*n + 6889. What are the prime factors of n?
3, 7, 31
Let b be (-24)/(-10) - (-24)/40. Suppose -3*f = -f + b*n - 53, -f + 3*n = -13. Suppose -40 = -2*x + 3*l, x - 2*l + 3 = f. What are the prime factors of x?
23
Suppose 5*x - 15 = 0, 5*x - 81 + 414 = 2*f. Suppose -f = 4*b - 778. What are the prime factors of b?
151
Suppose -361 = -z - o, 2*o + 0*o = 3*z - 1063. List the prime factors of z.
3, 7, 17
Suppose 50 = -3*r - 2*r. Let s be 4/r - (-104)/10. Suppose 15 = h - s. What are the prime factors of h?
5
Let a be (425 - -31)*(-6)/(-8). Suppose -9*m = a - 855. List the prime factors of m.
3, 19
List the prime factors of (2*-286 - -2)*(-40)/50.
2, 3, 19
Suppose -22*v + 14492 = 3*w - 20*v, 0 = -5*w - 2*v + 24152. What are the prime factors of w?
2, 3, 5, 7, 23
Suppose -7*j + 4*y + 5 = -6*j, 3*j - 71 = -2*y. Suppose -440 = 16*f - j*f. List the prime factors of f.
2, 11
Suppose -8 = k + 5*y, 5*y + 0 + 10 = 0. Suppose -108 = -3*w - k*x + 39, 0 = -5*w - 3*x + 245. What are the prime factors of w?
7
Let l = -418 + 431. Let w(j) = j**3 + 5*j**2 + 2*j + 6. Let c be w(-5). Let m = l + c. What are the prime factors of m?
3
Suppose 40 = 8*u - 12*u. Let m = u - -32. Let v = m - 10. What are the prime factors of v?
2, 3
Let u be (-2)/(-3)*36*2. Suppose -a + 20 = -x, -2*a + x + 0*x + 42 = 0. Let g = u - a. What are the prime factors of g?
2, 13
Suppose -33*r + 1988 = -23917. List the prime factors of r.
5, 157
Let u be -4*(3 - 358/(-8)). Let s = u - -300. List the prime factors of s.
109
Let a = 303 + 23. Suppose 0 = 2*s + 2*u - a, 0 = -u - 2. Suppose -2*y = 10, w + 3*y = 6*w - s. List the prime factors of w.
2, 3, 5
Let c(v) = -49*v + 1. Let j(a) = 99*a - 1. Let k(t) = 5*c(t) + 2*j(t). List the prime factors of k(-1).
2, 5
Let a = -4 - -28. Let r = -7 + a. List the prime factors of r - (3/(-1) - -6).
2, 7
Let j(z) = 7*z**2 - 14*z + 372. List the prime factors of j(11).
3, 5, 71
Let b(t) = 2*t**2 - 6*t - 6. Suppose -4 = -0*s - s - 3*r, -13 = -2*s - r. Let h be b(s). Let f = h + 14. What are the prime factors of f?
2
Let p(j) = -15*j**2 + 16. Let h be p(-4). Let s = -134 - h. List the prime factors of s.
2, 3, 5
Suppose -34 = 3*f - 5*i, 5*i + 6 - 43 = 4*f. Let j(c) = -42*c - 3. List the prime factors of j(f).
3, 41
Suppose -524 = -4*x + 4*j, -286 = -2*x - j - 3*j. Let h = -95 + x. What are the prime factors of h?
2, 5
Suppose -901*q - 1058 = -903*q. List the prime factors of q.
23
Suppose -592 = -11*